{"id":158,"date":"2025-01-29T19:30:48","date_gmt":"2025-01-29T18:30:48","guid":{"rendered":"https:\/\/louatier.fr\/?page_id=158"},"modified":"2025-05-08T11:23:19","modified_gmt":"2025-05-08T09:23:19","slug":"les-truitelles-dun-ete","status":"publish","type":"page","link":"https:\/\/louatier.fr\/index.php\/les-truitelles-dun-ete\/","title":{"rendered":"Les truitelles d&#8217;un \u00e9t\u00e9"},"content":{"rendered":"\n<div class=\"wp-block-group alignfull has-accent-background-color has-background has-global-padding is-layout-constrained wp-container-core-group-is-layout-669513ed wp-block-group-is-layout-constrained\" style=\"margin-top:0;margin-bottom:0;padding-top:var(--wp--preset--spacing--50);padding-right:var(--wp--preset--spacing--50);padding-bottom:var(--wp--preset--spacing--50);padding-left:var(--wp--preset--spacing--50)\">\n<div class=\"wp-block-columns alignwide is-layout-flex wp-container-core-columns-is-layout-1da03c2a wp-block-columns-is-layout-flex\">\n<div class=\"wp-block-column is-vertically-aligned-stretch is-layout-flow wp-block-column-is-layout-flow\" style=\"flex-basis:50%\">\n<div class=\"wp-block-group is-vertical is-content-justification-stretch is-layout-flex wp-container-core-group-is-layout-444d5ee8 wp-block-group-is-layout-flex\" style=\"min-height:100%\">\n<p class=\"has-heading-font-family has-x-large-font-size\" style=\"line-height:1.2\">Encourag\u00e9s par le maintien en eau depuis plusieurs ann\u00e9es &#8230;<\/p>\n<\/div>\n<\/div>\n\n\n\n<div class=\"wp-block-column is-vertically-aligned-center is-layout-flow wp-block-column-is-layout-flow\" style=\"flex-basis:50%\"><\/div>\n<\/div>\n<\/div>\n\n\n\n<div class=\"wp-block-group alignfull has-global-padding is-layout-constrained wp-container-core-group-is-layout-d89aad35 wp-block-group-is-layout-constrained\" style=\"margin-top:0;margin-bottom:0;padding-top:var(--wp--preset--spacing--50);padding-right:var(--wp--preset--spacing--50);padding-bottom:var(--wp--preset--spacing--50);padding-left:var(--wp--preset--spacing--50)\">\n<div class=\"wp-block-columns alignwide are-vertically-aligned-center is-layout-flex wp-container-core-columns-is-layout-47c06fe3 wp-block-columns-is-layout-flex\">\n<div class=\"wp-block-column is-vertically-aligned-center is-layout-flow wp-block-column-is-layout-flow\" style=\"flex-basis:50%\">\n<h2 class=\"wp-block-heading\">Depuis 2003, une nouvelle politique d\u2019alevinage est instaur\u00e9e.<\/h2>\n\n\n\n<ul style=\"line-height:1.75\" class=\"wp-block-list is-style-checkmark-list\">\n<li>Privil\u00e9giant la <strong>truite fario <\/strong>sur les conseils du charg\u00e9 d&#8217;\u00e9tudes de la f\u00e9d\u00e9ration du Cher, nous optons pour les truitelles d&#8217;un \u00e9t\u00e9 (8\/12 cm).<\/li>\n<\/ul>\n<\/div>\n\n\n\n<div class=\"wp-block-column is-vertically-aligned-center is-layout-flow wp-block-column-is-layout-flow\" style=\"flex-basis:50%\">\n<figure class=\"wp-block-image size-full is-resized is-style-rounded is-style-rounded--1\"><img loading=\"lazy\" decoding=\"async\" width=\"320\" height=\"240\" src=\"http:\/\/louatier.fr\/wp-content\/uploads\/2025\/01\/Truitelle.jpg\" alt=\"\" class=\"wp-image-160\" style=\"object-fit:cover;width:284px;height:auto\" srcset=\"https:\/\/louatier.fr\/wp-content\/uploads\/2025\/01\/Truitelle.jpg 320w, https:\/\/louatier.fr\/wp-content\/uploads\/2025\/01\/Truitelle-300x225.jpg 300w\" sizes=\"auto, (max-width: 320px) 100vw, 320px\" \/><\/figure>\n<\/div>\n<\/div>\n<\/div>\n\n\n\n<div class=\"wp-block-group alignfull has-base-background-color has-background has-global-padding is-layout-constrained wp-container-core-group-is-layout-d89aad35 wp-block-group-is-layout-constrained\" style=\"margin-top:0;margin-bottom:0;padding-top:var(--wp--preset--spacing--50);padding-right:var(--wp--preset--spacing--50);padding-bottom:var(--wp--preset--spacing--50);padding-left:var(--wp--preset--spacing--50)\">\n<div class=\"wp-block-columns alignwide is-layout-flex wp-container-core-columns-is-layout-549b0c86 wp-block-columns-is-layout-flex\">\n<div class=\"wp-block-column has-global-padding is-content-justification-left is-layout-constrained wp-container-core-column-is-layout-4f15e8fe wp-block-column-is-layout-constrained\" style=\"flex-basis:40%\">\n<p><\/p>\n<\/div>\n\n\n\n<div class=\"wp-block-column is-layout-flow wp-container-core-column-is-layout-119bc444 wp-block-column-is-layout-flow\" style=\"flex-basis:60%\">\n<p class=\"has-heading-font-family has-x-large-font-size\" style=\"line-height:1.2\">Parall\u00e8lement des&nbsp;<strong>restaurations de fray\u00e8res<\/strong>&nbsp;sont r\u00e9alis\u00e9es.<\/p>\n<\/div>\n<\/div>\n<\/div>\n\n\n\n<div class=\"wp-block-group alignfull has-accent-5-background-color has-background has-global-padding is-layout-constrained wp-container-core-group-is-layout-d89aad35 wp-block-group-is-layout-constrained\" style=\"margin-top:0;margin-bottom:0;padding-top:var(--wp--preset--spacing--50);padding-right:var(--wp--preset--spacing--50);padding-bottom:var(--wp--preset--spacing--50);padding-left:var(--wp--preset--spacing--50)\">\n<div class=\"wp-block-columns alignwide is-layout-flex wp-container-core-columns-is-layout-1da03c2a wp-block-columns-is-layout-flex\">\n<div class=\"wp-block-column is-vertically-aligned-center is-layout-flow wp-block-column-is-layout-flow\" style=\"flex-basis:60%\">\n<figure class=\"wp-block-image size-full is-resized is-style-rounded wp-duotone-unset-3 is-style-rounded--2\"><img loading=\"lazy\" decoding=\"async\" width=\"320\" height=\"240\" src=\"http:\/\/louatier.fr\/wp-content\/uploads\/2025\/01\/Truite23.jpg\" alt=\"\" class=\"wp-image-161\" style=\"object-fit:cover;width:347px;height:auto\" srcset=\"https:\/\/louatier.fr\/wp-content\/uploads\/2025\/01\/Truite23.jpg 320w, https:\/\/louatier.fr\/wp-content\/uploads\/2025\/01\/Truite23-300x225.jpg 300w\" sizes=\"auto, (max-width: 320px) 100vw, 320px\" \/><\/figure>\n<\/div>\n\n\n\n<div class=\"wp-block-column is-layout-flow wp-block-column-is-layout-flow\" style=\"flex-basis:40%\">\n<h2 class=\"wp-block-heading\">Apr\u00e8s quelques ann\u00e9es de suivi&#8230;<\/h2>\n\n\n\n<p>On s\u2019apercoit que ces truitelles arrivent \u00e0 une taille de 23\/28 cm, apr\u00e8s pratiquement un an dans la rivi\u00e8re..<\/p>\n\n\n\n<p>Le suivi de ces poissons a mis en \u00e9vidence leur croissance tr\u00e8s rapide sur l&#8217;Ouatier et a convaincu L&#8217;AAPPMA de mettre en place une Taille L\u00e9gale de Capture de 30cm.<\/p>\n<\/div>\n<\/div>\n<\/div>\n\n\n\n<p>Cette m\u00e9thode a donn\u00e9 des r\u00e9sultats satisfaisants en terme de nombre de truites retrouv\u00e9es, mais malheureusement ces poissons pr\u00e9sentaient souvent des d\u00e9fauts d&#8217;aspect (nageoires ab\u00eem\u00e9es) d\u00fbs \u00e0 leur s\u00e9jour initial en pisciculture.<\/p>\n\n\n\n<p>L&#8217;AAPPMA a donc d\u00e9cid\u00e9 de stopper cette m\u00e9thode en 2018 pour n&#8217;apporter que des alevins \u00e0 r\u00e9sorption de v\u00e9sicule en soutien de la reproduction naturelle. <\/p>\n\n\n\n<p><\/p>\n","protected":false},"excerpt":{"rendered":"<p>Encourag\u00e9s par le maintien en eau depuis plusieurs ann\u00e9es &#8230; Depuis 2003, une nouvelle politique d\u2019alevinage est instaur\u00e9e. Parall\u00e8lement des&nbsp;restaurations de fray\u00e8res&nbsp;sont r\u00e9alis\u00e9es. Apr\u00e8s quelques ann\u00e9es de suivi&#8230; On s\u2019apercoit que ces truitelles arrivent \u00e0 une taille de 23\/28 cm, apr\u00e8s pratiquement un an dans la rivi\u00e8re.. Le suivi de ces poissons a mis en [&hellip;]<\/p>\n","protected":false},"author":1,"featured_media":0,"parent":0,"menu_order":0,"comment_status":"closed","ping_status":"closed","template":"","meta":{"footnotes":""},"class_list":["post-158","page","type-page","status-publish","hentry"],"_links":{"self":[{"href":"https:\/\/louatier.fr\/index.php\/wp-json\/wp\/v2\/pages\/158","targetHints":{"allow":["GET"]}}],"collection":[{"href":"https:\/\/louatier.fr\/index.php\/wp-json\/wp\/v2\/pages"}],"about":[{"href":"https:\/\/louatier.fr\/index.php\/wp-json\/wp\/v2\/types\/page"}],"author":[{"embeddable":true,"href":"https:\/\/louatier.fr\/index.php\/wp-json\/wp\/v2\/users\/1"}],"replies":[{"embeddable":true,"href":"https:\/\/louatier.fr\/index.php\/wp-json\/wp\/v2\/comments?post=158"}],"version-history":[{"count":7,"href":"https:\/\/louatier.fr\/index.php\/wp-json\/wp\/v2\/pages\/158\/revisions"}],"predecessor-version":[{"id":272,"href":"https:\/\/louatier.fr\/index.php\/wp-json\/wp\/v2\/pages\/158\/revisions\/272"}],"wp:attachment":[{"href":"https:\/\/louatier.fr\/index.php\/wp-json\/wp\/v2\/media?parent=158"}],"curies":[{"name":"wp","href":"https:\/\/api.w.org\/{rel}","templated":true}]}}